(n). List the prime factors of m(5).
2, 7
Let f = 59042 - 21203. What are the prime factors of f?
3, 12613
Suppose -5*h - 2*f = 3*f - 125, 4*h = 5*f + 109. Let a(q) = 42 + 11*q + h - 38. What are the prime factors of a(7)?
107
Suppose 106 = 4*b - 5*d, -92 = -0*b - 4*b - 2*d. Suppose -4*z + 20 = -b. List the prime factors of z/(55/810) - 0.
2, 3
Let a = 14 + -44. Let p(t) = -t**3 - 30*t**2 - 48*t + 97. List the prime factors of p(a).
29, 53
Let n be 1/(6/912*-4). List the prime factors of n/(-57) - ((-3368)/6 + 0).
2, 281
Let z be -8*(-14)/(-12)*6/(-4). Suppose -x + z = 12. Suppose 0 = -y + 3, -x*w - 3*y - 606 = -7*w. What are the prime factors of w?
3, 41
Suppose 0 = -1558*c + 1573*c - 140071 - 37139. List the prime factors of c.
2, 3, 11, 179
Suppose 5*b - p = 1130, -2*b - 4*p = 2*b - 904. Suppose 17*q - 3922 = b. List the prime factors of q.
2, 61
Let a(p) = -157*p**3 - 4*p**2 + 2*p + 1. Let s be a(1). Let v = s + 224. Let b = 85 - v. List the prime factors of b.
19
Suppose 5*n + 3*h - 180 = 760, -754 = -4*n - 2*h. What are the prime factors of n?
191
Suppose -2*l - 489 = l. Let i(w) = -21*w**2 - 4*w + 9. Let u be i(4). Let k = l - u. What are the prime factors of k?
2, 3, 5
Suppose 0 = -3*f - 2*f - 5*p + 1960, -5*f = 3*p - 1954. Let r be 10 - 10 - (3 + 1) - f. Let o = -227 - r. What are the prime factors of o?
2, 83
Suppose -9*y + f + 31320 = -8*y, -3*f = -y + 31318. List the prime factors of y.
31321
Let c(v) = -v**2 - 7*v + 18213. List the prime factors of c(0).
3, 13, 467
Let x(s) = 9*s**3 - 8*s**2 + 2*s + 8. Suppose -2 - 34 = -9*d. List the prime factors of x(d).
2, 29
Suppose -194386 - 252907 = -11*k. List the prime factors of k.
7, 37, 157
Suppose m - 3*m + 10757 = w, -26905 = -5*m - 5*w. What are the prime factors of m?
2, 3, 7
Let p(l) = 0*l**3 - 10*l + l**3 + 7*l**2 + 5 - l. Let f = -528 - -520. List the prime factors of p(f).
29
Let b(r) = -2*r**3 - 19*r**2 + 15*r + 20. What are the prime factors of b(-17)?
2, 5, 41
List the prime factors of (5970/(-4))/((-3)/14).
5, 7, 199
Let q = 75 + -77. Let a be (4 + q)*((-15)/(-10) - 1). List the prime factors of a*((-1 - -14) + (-5 - -3)).
11
Let k = 21301 + -11950. What are the prime factors of k?
3, 1039
Suppose -4*a = 66 + 258. Let x = a - -79. Let i(p) = 31*p**2 - p - 1. List the prime factors of i(x).
5
Let d(a) = 19*a + 182. Let c be d(-9). Suppose -c*x = -8*x - 447. What are the prime factors of x?
149
Suppose 0 = 20*b + 203 + 277. Let o(q) = 2*q**2 + 21*q + 109. List the prime factors of o(b).
757
Let t be ((-12)/40*-85)/(2/(-28)). Let m = 976 + t. What are the prime factors of m?
619
Let u(g) = 2*g**3 + 2*g**2 - 7*g + 24476. List the prime factors of u(0).
2, 29, 211
Let m = -47 - -57. Suppose -19*s + 17*s = -m. Suppose -s*k + 2*q + 74 = 0, 0 = -k + 5*k - 5*q - 66. What are the prime factors of k?
2, 7
Suppose 2*j = -2*w - 194, 4*w = w - 4*j - 296. Let h = 64 - w. List the prime factors of h.
2, 3, 13
Suppose 11*k + 3*k - 7140 = 0. Let n = -198 + k. What are the prime factors of n?
2, 3, 13
Suppose -2*p + 8 = -3*h, -8*h + 3*p = -3*h + 15. Let s = -474 + 471. List the prime factors of (s + 9)/(h/(-64)).
2
Suppose 2 = -2*u + 12. Suppose -5 = -u*g + l, 0*l + 20 = 3*g - 4*l. Let x = g - -44. What are the prime factors of x?
2, 11
Suppose -5*d + 0*j + 115 = -j, 0 = 5*j + 25. Let a(m) = 16 - 4*m - 43 + d - 45*m. What are the prime factors of a(-1)?
2, 11
Suppose -p + 514 = -u, -p + 2*u = 4*u - 499. Let h be (-8)/4 + 2 + p. Suppose -63 = -4*x + h. List the prime factors of x.
11, 13
Suppose -19 = -2*y + 5*d - 148, -4*y = -2*d + 266. Let x = 70 + y. Suppose 0 = -4*j + 5*f + 479, 2*j - 602 = -3*j + x*f. What are the prime factors of j?
11
Suppose 241*l - 20453 = 254*l - 102834. List the prime factors of l.
6337
Let z be 29/58 + 2/(-4). List the prime factors of 1*-3 + (374 - -18) + z.
389
Let n(l) = -l**3 + 4*l**2 - l - 2. Let j be n(2). Suppose g + 0*g = j. Suppose -2*q - 790 = -5*a, -a + g*q - 5 = -163. List the prime factors of a.
2, 79
Suppose 0 = 112*i - 1817341 + 222013. What are the prime factors of i?
2, 3, 1187
Suppose 579 = 4*i - 4*a - 593, 3*i + 4*a - 914 = 0. Suppose -5*r + 368 = 3*k, 111*k - 113*k = -4*r + 290. Let b = i - r. What are the prime factors of b?
3, 5
Suppose -5*h - 4*b + 695 = b, -2*b = 5*h - 695. Suppose -2*z - 2*y + 266 = 0, -3*y - h = -z - 2*y. List the prime factors of z.
2, 17
Suppose 5*o + 338 = 4*i - 6153, o = -4*i + 6497. Let j = -972 + i. What are the prime factors of j?
2, 163
Let m be (-2)/((-6)/671) - (-68)/(-102). Suppose -k + 2*q - m + 1244 = 0, q = -k + 1021. List the prime factors of k.
1021
Suppose -5*h = -28 + 8. Suppose 0 = -5*y + 25, -5*y + 37 = -2*l + 6*l. Suppose 0 = h*a - l*p - 576, -3*a = -4*p - 133 - 292. What are the prime factors of a?
3, 7
Let b be (8 - 1) + -10*(-32)/(-80). Suppose -b*t = 3*z - 2901, 4*z = -0*t - t + 976. What are the prime factors of t?
2, 241
Suppose 0 = -3*h + q - 4 - 31, -q + 5 = 0. Let l(a) be the second derivative of a**4/3 + 23*a**3/6 - 6*a**2 - 9*a. List the prime factors of l(h).
2, 79
Suppose -196*z + 479391 + 2568535 + 167846 = 0. List the prime factors of z.
3, 1823
Let l(x) = -5601*x - 5786. What are the prime factors of l(-6)?
2, 5, 13, 107
Suppose 0 = -9*z - 270 + 1773. Suppose 665 = 172*n - z*n. List the prime factors of n.
7, 19
Let q(k) = -5*k**3 - 2*k**2 + k. Let v be q(-1). Let o be v + (-3)/(1 - 0). Let a(j) = 36*j**2 - 3*j + 1. What are the prime factors of a(o)?
2, 5
Suppose -17*l + 21*l = -3*u + 435, 5 = u. What are the prime factors of l?
3, 5, 7
Let b = 384 - 589. Let x = 516 + b. What are the prime factors of x?
311
Let r = -32 + 36. Suppose -r*k - 414 - 146 = 0. What are the prime factors of ((-21)/14)/(6/k)?
5, 7
Suppose 9 = -4*b - h - 2*h, 9 = -5*b - 3*h. Suppose -s + 4*c = -7, s + 2*c + 17 = -b. Let y(l) = -l**2 - 13*l - 15. What are the prime factors of y(s)?
3, 7
Let i(t) = 16*t**2 - 45*t + 74. What are the prime factors of i(6)?
2, 5, 19
Suppose 3*q = 2*a + 124598, -4*q - 51*a + 166154 = -49*a. List the prime factors of q.
2, 11, 59
Suppose -13*o + 25*o - 176497 = 38147. What are the prime factors of o?
31, 577
Let o(u) = 34*u + 27*u + 189 + 23*u. List the prime factors of o(14).
3, 5, 7, 13
Suppose 614796 = 91*x - 0*x. List the prime factors of x.
2, 3, 563
Let g = 6866 + -673. List the prime factors of g.
11, 563
Suppose -58*s = -57*s + k - 54565, 0 = -s + 4*k + 54535. List the prime factors of s.
54559
What are the prime factors of (2 + -108)/((-11)/((-154077)/(-46)))?
3, 7, 29, 53
Suppose 5*u - 414 = -2*k, -k + 207 = -4*u + u. Suppose 3*j + 6*j + k = 0. List the prime factors of (j - (-2 - -1))*85/(-10).
11, 17
Let l(a) = a**2 + 11*a. Let t be l(-11). Let k(o) = 2*o**2 - o + 38. Let x be k(t). Suppose -m = -136 + x. List the prime factors of m.
2, 7
Suppose -148*k - 1274 = -150*k. What are the prime factors of (5 - 6)*(-1 - k)?
2, 11, 29
Let q be (2/(-3))/((-13)/((-234)/(-4))). Suppose p - q*j + 153 = 446, -541 = -2*p - 3*j. What are the prime factors of p?
2, 139
Suppose -12*s + 1026 = -6*s. Let k = 277 - s. List the prime factors of k.
2, 53
What are the prime factors of (-1738121)/(-33) + (-5)/15?
2, 5, 23, 229
Let o(j) = j**2 + 12*j + 644. Let p(n) = 3*n**2 + 41*n - 14. Let i be p(-14). What are the prime factors of o(i)?
2, 7, 23
Let d = 36598 + -8759. What are the prime factors of d?
7, 41, 97
Let h(t) = t**2 - 3*t + 4. Let y be h(4). Let i be 9/(-12) + 966/y. Let r = -68 + i. List the prime factors of r.
2, 13
Suppose 0 = -3*v + 4*p + 8430, -v - 6*v + p + 19720 = 0. List the prime factors of v.
2, 1409
Let y(g) be the third derivative of 0*g - 1/60*g**6 + 0 - 21*g**2 - 1/60*g**5 + 3/8*g**4 + g**3. List the prime factors of y(-4).
2, 41
Let w(b) = -92 - 9*b + 319 - 94 - 112 + 34*b**2. What are the prime factors of w(2)?
139
Suppose -6*r - 169 = -265. Suppose -4*u - r = 0, 4*f = -4*u - u + 1080. List the prime factors of f.
5, 11
Suppose 372 = 26*t - 44. Suppose -3*h + 17 = x - t, 0 = 4*h + 12. List the prime factors of x.
2, 3, 7
Let a = 1266 + -269. Let r = a - 1564. Let t = -336 - r. What are the prime factors of t?
3, 7, 11
What are the prime factors of ((-920)/130 - -7) + (186916/26 - 5)?
2, 449
Suppose 15 = -2*n + 7*n. Suppose -n = 3*f - 9. What are the prime factors